{"id":540,"date":"2021-04-14T10:16:22","date_gmt":"2021-04-14T08:16:22","guid":{"rendered":"https:\/\/aveculture.fr\/expo-vr\/REYNIES1930\/?page_id=540"},"modified":"2022-03-28T20:38:17","modified_gmt":"2022-03-28T18:38:17","slug":"narratif-8","status":"publish","type":"page","link":"https:\/\/expo-vr.fr\/ReyniesArtDeco\/narratif-8\/","title":{"rendered":"8 &#8211; Reyni\u00e8s et les pionniers de l\u2019Aviation"},"content":{"rendered":"<!-- Added by Post\/Page Specific Custom Code plugin, thank you for using! -->\n<style>.test{display:flex;\r\nflex-direction: column;\r\nalign-items: center;}\r\n\r\n.texte{display : inline-block; max-width:674px}\r\n\r\n.entry-content p::before{display:none}\r\n\r\narticle.page{background:blue}\r\n\r\n.imageContainer>*+*{\r\nmargin-top: 1em;\r\n}<\/style>\n\n<div id=\"audio-player-container\">   \n    <img decoding=\"async\" src=\"https:\/\/expo-vr.fr\/ReyniesArtDeco\/wp-content\/uploads\/2022\/03\/radio.jpg\" alt=\"image-radio\">\n    <button id=\"play-icon\"><\/button>\n    <div id=\"radioOverlay\"><\/div>\n    <div id=\"radioControllerContainer\">\n        <div>\n            <audio src=\"https:\/\/expo-vr.fr\/ReyniesArtDeco\/wp-content\/uploads\/2022\/03\/8-\u2013-Reynies-et-les-pionniers-de-lAviation-1.mp3\" preload=\"metadata\" loop=\"\"><\/audio>\n            <span id=\"current-time\" class=\"time\">0:00<\/span>\n            <input type=\"range\" id=\"seek-slider\" max=\"100\" value=\"0\">\n            <span id=\"duration\" class=\"time\">0:00<\/span>\n            <div id=\"volumeController\">\n                <input type=\"range\" id=\"volume-slider\" max=\"100\" value=\"100\">\n                <button id=\"mute-icon\"><\/button>\n            <\/div>\n        <\/div>\n    <\/div>\n  <\/div>\n\n\n\n<div class=\"wrapper\">\n<div class=\"texte\">\n<div class=\"translatable\">\n<p style=\"text-align: justify;\">\n\nLe 16 avril 1936, le Toulousain Maurice Bonhomme, passionn\u00e9 d\u2019aviation, lui-m\u00eame pilote civil et militaire brevet\u00e9, qui poss\u00e9dait une maison \u00e0 Reyni\u00e8s ainsi qu\u2019un superbe avion Potez \u00e9cole fondait l\u2019a\u00e9roclub de Reyni\u00e8s. Son appareil sorti d\u2019usine en 1930, immatricul\u00e9 FAJTX \u00e9tait dot\u00e9 d\u2019un moteur Renault de 95 CH. L\u2019avion avait \u00e9t\u00e9 achet\u00e9 au Havrais L\u00e9on Molon, un des tout premiers pionniers de l\u2019aviation et totalisait 664 heures de vol.\n<\/p> \n<p style=\"text-align: justify;\">\nIci l\u2019ancien lieu-dit \u00ab La Briqueterie \u00bb, route de Moulis en allant \u00e0 Villebrumier, fut converti en piste d\u2019aviation et en un hangar de 180 m2 qui servait de bureau au Club et d\u2019abri pour le Potez \u00e9cole. L\u2019a\u00e9rodrome \u00e9tait imparfait. Maurice Bonhomme l\u2019admettait volontiers, reconnaissant qu\u2019il \u00e9tait un peu court et n\u00e9cessitait donc une certaine ma\u00eetrise tant au d\u00e9collage qu\u2019\u00e0 l\u2019atterrissage. Maurice Bonhomme offrait de bon c\u0153ur des bapt\u00eames de l\u2019air \u00e0 tous, afin de partager sa passion de ce sport m\u00e9canique en pleine \u00e9volution. Les doubles p\u00e9dales de l\u2019avion permettait au n\u00e9ophyte de prendre en main l\u2019appareil et de toucher du doigts le r\u00eave de grands raids a\u00e9riens de l\u00e9gende.\n<\/p> \n<p style=\"text-align: justify;\">\nLa renomm\u00e9e de l\u2019A\u00e9ro-Club d\u00e9passa bien vite les fronti\u00e8res de Reyni\u00e8s et de grands \u201cSeigneurs\u201d de l\u2019aviation tels Marcel Doret ou J\u00e9r\u00f4me Cavalli vinrent \u00e0 La Briqueterie. Mais le plus c\u00e9l\u00e8bre des visiteurs fut sans nul doute Jean Mermoz qui poss\u00e9dait un Potez 36 immatricul\u00e9 F-ALAM. Celui-ci tr\u00e8s maniable permettait \u00e0 Mermoz de beaucoup s&rsquo;amuser avec son \u00ab jouet \u00bb en faisant de p\u00e9rilleux vols en rase-mottes. Il appelait \u00e7a \u00ab faire de la bicyclette \u00bb. En octobre 1936, il d\u00e9colla de l\u2019a\u00e9rodrome de Toulouse Lasbordes mais se retrouva en difficult\u00e9s entre Fronton et Labastide Saint Pierre. Par radio, il fit appel \u00e0 Maurice Bonhomme qui lui proposa de rejoindre Reyni\u00e8s pour se poser sur la piste de La Briqueterie pour proc\u00e9der aux r\u00e9parations. Deux mois apr\u00e8s avoir d\u00e9couvert l\u2019a\u00e9rodrome de Reyni\u00e8s, ce h\u00e9ros des airs sombrait corps et biens dans l\u2019Atlantique, avec tout son \u00e9quipage \u00e0 bord de son avion mythique : \u201cLa Croix du Sud\u201d.\n<\/p>\n<p style=\"text-align: justify;\">\nDe 1936 \u00e0 1939 l\u2019A\u00e9ro-Club de Reyni\u00e8s conna\u00eet d\u2019autres p\u00e9rip\u00e9ties tels le d\u00e9collage et la destruction du \u00ab Pou du Ciel \u00bb du Montalbanais Reboul ou le bapt\u00eame de l\u2019air de Mr le Cur\u00e9 v\u00eatu de sa soutane. Mais le d\u00e9but de la seconde guerre mondiale mit un terme \u00e0 l&rsquo;A\u00e9ro-Club de Reyni\u00e8s. Le 4 septembre 1939, le Potez de Maurice Bonhomme fut r\u00e9quisitionn\u00e9 par la base militaire a\u00e9rienne 101 de Toulouse Francazal o\u00f9 on lui remit la somme de 27 495 francs pour tout d\u00e9dommagement. Ce citoyen d\u2019honneur de la commune s\u2019est \u00e9teint en 1995 \u00e0 l\u2019\u00e2ge de 101 ans.\n\n<\/p>\n<\/div>\n<div class=\"imageContainer\">\n<figure>\n<img decoding=\"async\" class=\"aligncenter\" src=\"https:\/\/expo-vr.fr\/ReyniesArtDeco\/wp-content\/uploads\/2022\/01\/AeroClub-de-Reynies.jpg\" alt=\"\">\n<\/figure>\n<figure>\n<img decoding=\"async\" class=\"aligncenter\" src=\"https:\/\/expo-vr.fr\/ReyniesArtDeco\/wp-content\/uploads\/2022\/01\/vignette_verte_-_a.jpg\" alt=\"\">\n<\/figure>\n<figure>\n<img decoding=\"async\" class=\"aligncenter\" src=\"https:\/\/expo-vr.fr\/ReyniesArtDeco\/wp-content\/uploads\/2022\/01\/J-Mermoz.jpg\" alt=\"\">\n<\/figure><\/div><\/div><\/div>\n\n\n\n<script>\n    const page = jQuery(\"h1.entry-title\").text();\n    markAsViewed(page);\n<\/script>\n\n\n\n<p><\/p>\n\n\n\n<script>\n    initiateAudioPlayer();\n<\/script>\n","protected":false},"excerpt":{"rendered":"<p>0:00 0:00 Le 16 avril 1936, le Toulousain Maurice Bonhomme, passionn\u00e9 d\u2019aviation, lui-m\u00eame pilote civil et militaire brevet\u00e9, qui poss\u00e9dait une maison \u00e0 Reyni\u00e8s ainsi qu\u2019un superbe avion Potez \u00e9cole fondait l\u2019a\u00e9roclub de Reyni\u00e8s. Son appareil sorti d\u2019usine en 1930, immatricul\u00e9 FAJTX \u00e9tait dot\u00e9 d\u2019un moteur Renault de 95 CH. L\u2019avion avait \u00e9t\u00e9 achet\u00e9 au [&hellip;]<\/p>\n","protected":false},"author":6,"featured_media":0,"parent":0,"menu_order":0,"comment_status":"closed","ping_status":"closed","template":"","meta":{"site-sidebar-layout":"default","site-content-layout":"default","ast-site-content-layout":"default","site-content-style":"default","site-sidebar-style":"default","ast-global-header-display":"","ast-banner-title-visibility":"","ast-main-header-display":"","ast-hfb-above-header-display":"","ast-hfb-below-header-display":"","ast-hfb-mobile-header-display":"","site-post-title":"","ast-breadcrumbs-content":"","ast-featured-img":"","footer-sml-layout":"","ast-disable-related-posts":"","theme-transparent-header-meta":"default","adv-header-id-meta":"","stick-header-meta":"","header-above-stick-meta":"","header-main-stick-meta":"","header-below-stick-meta":"","astra-migrate-meta-layouts":"default","ast-page-background-enabled":"default","ast-page-background-meta":{"desktop":{"background-color":"","background-image":"","background-repeat":"repeat","background-position":"center center","background-size":"auto","background-attachment":"scroll","background-type":"","background-media":"","overlay-type":"","overlay-color":"","overlay-opacity":"","overlay-gradient":""},"tablet":{"background-color":"","background-image":"","background-repeat":"repeat","background-position":"center center","background-size":"auto","background-attachment":"scroll","background-type":"","background-media":"","overlay-type":"","overlay-color":"","overlay-opacity":"","overlay-gradient":""},"mobile":{"background-color":"","background-image":"","background-repeat":"repeat","background-position":"center center","background-size":"auto","background-attachment":"scroll","background-type":"","background-media":"","overlay-type":"","overlay-color":"","overlay-opacity":"","overlay-gradient":""}},"ast-content-background-meta":{"desktop":{"background-color":"var(--ast-global-color-5)","background-image":"","background-repeat":"repeat","background-position":"center center","background-size":"auto","background-attachment":"scroll","background-type":"","background-media":"","overlay-type":"","overlay-color":"","overlay-opacity":"","overlay-gradient":""},"tablet":{"background-color":"var(--ast-global-color-5)","background-image":"","background-repeat":"repeat","background-position":"center center","background-size":"auto","background-attachment":"scroll","background-type":"","background-media":"","overlay-type":"","overlay-color":"","overlay-opacity":"","overlay-gradient":""},"mobile":{"background-color":"var(--ast-global-color-5)","background-image":"","background-repeat":"repeat","background-position":"center center","background-size":"auto","background-attachment":"scroll","background-type":"","background-media":"","overlay-type":"","overlay-color":"","overlay-opacity":"","overlay-gradient":""}},"iawp_total_views":53,"footnotes":""},"class_list":["post-540","page","type-page","status-publish","hentry"],"yoast_head":"<!-- This site is optimized with the Yoast SEO plugin v27.5 - https:\/\/yoast.com\/product\/yoast-seo-wordpress\/ -->\n<title>8 - Reyni\u00e8s et les pionniers de l\u2019Aviation - Reynies Art D\u00e9co, un village du XXe si\u00e8cle<\/title>\n<meta name=\"robots\" content=\"index, follow, max-snippet:-1, max-image-preview:large, max-video-preview:-1\" \/>\n<link rel=\"canonical\" href=\"https:\/\/expo-vr.fr\/ReyniesArtDeco\/narratif-8\/\" \/>\n<meta property=\"og:locale\" content=\"fr_FR\" \/>\n<meta property=\"og:type\" content=\"article\" \/>\n<meta property=\"og:title\" content=\"8 - Reyni\u00e8s et les pionniers de l\u2019Aviation - Reynies Art D\u00e9co, un village du XXe si\u00e8cle\" \/>\n<meta property=\"og:description\" content=\"0:00 0:00 Le 16 avril 1936, le Toulousain Maurice Bonhomme, passionn\u00e9 d\u2019aviation, lui-m\u00eame pilote civil et militaire brevet\u00e9, qui poss\u00e9dait une maison \u00e0 Reyni\u00e8s ainsi qu\u2019un superbe avion Potez \u00e9cole fondait l\u2019a\u00e9roclub de Reyni\u00e8s. Son appareil sorti d\u2019usine en 1930, immatricul\u00e9 FAJTX \u00e9tait dot\u00e9 d\u2019un moteur Renault de 95 CH. L\u2019avion avait \u00e9t\u00e9 achet\u00e9 au [&hellip;]\" \/>\n<meta property=\"og:url\" content=\"https:\/\/expo-vr.fr\/ReyniesArtDeco\/narratif-8\/\" \/>\n<meta property=\"og:site_name\" content=\"Reynies Art D\u00e9co, un village du XXe si\u00e8cle\" \/>\n<meta property=\"article:modified_time\" content=\"2022-03-28T18:38:17+00:00\" \/>\n<meta property=\"og:image\" content=\"https:\/\/expo-vr.fr\/ReyniesArtDeco\/wp-content\/uploads\/2022\/03\/radio.jpg\" \/>\n<meta name=\"twitter:card\" content=\"summary_large_image\" \/>\n<meta name=\"twitter:label1\" content=\"Dur\u00e9e de lecture estim\u00e9e\" \/>\n\t<meta name=\"twitter:data1\" content=\"2 minutes\" \/>\n<script type=\"application\/ld+json\" class=\"yoast-schema-graph\">{\"@context\":\"https:\\\/\\\/schema.org\",\"@graph\":[{\"@type\":\"WebPage\",\"@id\":\"https:\\\/\\\/expo-vr.fr\\\/ReyniesArtDeco\\\/narratif-8\\\/\",\"url\":\"https:\\\/\\\/expo-vr.fr\\\/ReyniesArtDeco\\\/narratif-8\\\/\",\"name\":\"8 - Reyni\u00e8s et les pionniers de l\u2019Aviation - Reynies Art D\u00e9co, un village du XXe si\u00e8cle\",\"isPartOf\":{\"@id\":\"https:\\\/\\\/expo-vr.fr\\\/ReyniesArtDeco\\\/#website\"},\"primaryImageOfPage\":{\"@id\":\"https:\\\/\\\/expo-vr.fr\\\/ReyniesArtDeco\\\/narratif-8\\\/#primaryimage\"},\"image\":{\"@id\":\"https:\\\/\\\/expo-vr.fr\\\/ReyniesArtDeco\\\/narratif-8\\\/#primaryimage\"},\"thumbnailUrl\":\"https:\\\/\\\/expo-vr.fr\\\/ReyniesArtDeco\\\/wp-content\\\/uploads\\\/2022\\\/03\\\/radio.jpg\",\"datePublished\":\"2021-04-14T08:16:22+00:00\",\"dateModified\":\"2022-03-28T18:38:17+00:00\",\"breadcrumb\":{\"@id\":\"https:\\\/\\\/expo-vr.fr\\\/ReyniesArtDeco\\\/narratif-8\\\/#breadcrumb\"},\"inLanguage\":\"fr-FR\",\"potentialAction\":[{\"@type\":\"ReadAction\",\"target\":[\"https:\\\/\\\/expo-vr.fr\\\/ReyniesArtDeco\\\/narratif-8\\\/\"]}]},{\"@type\":\"ImageObject\",\"inLanguage\":\"fr-FR\",\"@id\":\"https:\\\/\\\/expo-vr.fr\\\/ReyniesArtDeco\\\/narratif-8\\\/#primaryimage\",\"url\":\"https:\\\/\\\/expo-vr.fr\\\/ReyniesArtDeco\\\/wp-content\\\/uploads\\\/2022\\\/03\\\/radio.jpg\",\"contentUrl\":\"https:\\\/\\\/expo-vr.fr\\\/ReyniesArtDeco\\\/wp-content\\\/uploads\\\/2022\\\/03\\\/radio.jpg\",\"width\":421,\"height\":280},{\"@type\":\"BreadcrumbList\",\"@id\":\"https:\\\/\\\/expo-vr.fr\\\/ReyniesArtDeco\\\/narratif-8\\\/#breadcrumb\",\"itemListElement\":[{\"@type\":\"ListItem\",\"position\":1,\"name\":\"Accueil\",\"item\":\"https:\\\/\\\/expo-vr.fr\\\/ReyniesArtDeco\\\/\"},{\"@type\":\"ListItem\",\"position\":2,\"name\":\"8 &#8211; Reyni\u00e8s et les pionniers de l\u2019Aviation\"}]},{\"@type\":\"WebSite\",\"@id\":\"https:\\\/\\\/expo-vr.fr\\\/ReyniesArtDeco\\\/#website\",\"url\":\"https:\\\/\\\/expo-vr.fr\\\/ReyniesArtDeco\\\/\",\"name\":\"Reynies Art D\u00e9co, un village du XXe si\u00e8cle\",\"description\":\"\",\"publisher\":{\"@id\":\"https:\\\/\\\/expo-vr.fr\\\/ReyniesArtDeco\\\/#organization\"},\"potentialAction\":[{\"@type\":\"SearchAction\",\"target\":{\"@type\":\"EntryPoint\",\"urlTemplate\":\"https:\\\/\\\/expo-vr.fr\\\/ReyniesArtDeco\\\/?s={search_term_string}\"},\"query-input\":{\"@type\":\"PropertyValueSpecification\",\"valueRequired\":true,\"valueName\":\"search_term_string\"}}],\"inLanguage\":\"fr-FR\"},{\"@type\":\"Organization\",\"@id\":\"https:\\\/\\\/expo-vr.fr\\\/ReyniesArtDeco\\\/#organization\",\"name\":\"Ville de Reyni\u00e8s\",\"url\":\"https:\\\/\\\/expo-vr.fr\\\/ReyniesArtDeco\\\/\",\"logo\":{\"@type\":\"ImageObject\",\"inLanguage\":\"fr-FR\",\"@id\":\"https:\\\/\\\/expo-vr.fr\\\/ReyniesArtDeco\\\/#\\\/schema\\\/logo\\\/image\\\/\",\"url\":\"https:\\\/\\\/expo-vr.fr\\\/ReyniesArtDeco\\\/wp-content\\\/uploads\\\/2021\\\/11\\\/Logo-V2-copie.svg\",\"contentUrl\":\"https:\\\/\\\/expo-vr.fr\\\/ReyniesArtDeco\\\/wp-content\\\/uploads\\\/2021\\\/11\\\/Logo-V2-copie.svg\",\"width\":127,\"height\":56,\"caption\":\"Ville de Reyni\u00e8s\"},\"image\":{\"@id\":\"https:\\\/\\\/expo-vr.fr\\\/ReyniesArtDeco\\\/#\\\/schema\\\/logo\\\/image\\\/\"}}]}<\/script>\n<!-- \/ Yoast SEO plugin. -->","yoast_head_json":{"title":"8 - Reyni\u00e8s et les pionniers de l\u2019Aviation - Reynies Art D\u00e9co, un village du XXe si\u00e8cle","robots":{"index":"index","follow":"follow","max-snippet":"max-snippet:-1","max-image-preview":"max-image-preview:large","max-video-preview":"max-video-preview:-1"},"canonical":"https:\/\/expo-vr.fr\/ReyniesArtDeco\/narratif-8\/","og_locale":"fr_FR","og_type":"article","og_title":"8 - Reyni\u00e8s et les pionniers de l\u2019Aviation - Reynies Art D\u00e9co, un village du XXe si\u00e8cle","og_description":"0:00 0:00 Le 16 avril 1936, le Toulousain Maurice Bonhomme, passionn\u00e9 d\u2019aviation, lui-m\u00eame pilote civil et militaire brevet\u00e9, qui poss\u00e9dait une maison \u00e0 Reyni\u00e8s ainsi qu\u2019un superbe avion Potez \u00e9cole fondait l\u2019a\u00e9roclub de Reyni\u00e8s. Son appareil sorti d\u2019usine en 1930, immatricul\u00e9 FAJTX \u00e9tait dot\u00e9 d\u2019un moteur Renault de 95 CH. L\u2019avion avait \u00e9t\u00e9 achet\u00e9 au [&hellip;]","og_url":"https:\/\/expo-vr.fr\/ReyniesArtDeco\/narratif-8\/","og_site_name":"Reynies Art D\u00e9co, un village du XXe si\u00e8cle","article_modified_time":"2022-03-28T18:38:17+00:00","og_image":[{"url":"https:\/\/expo-vr.fr\/ReyniesArtDeco\/wp-content\/uploads\/2022\/03\/radio.jpg","type":"","width":"","height":""}],"twitter_card":"summary_large_image","twitter_misc":{"Dur\u00e9e de lecture estim\u00e9e":"2 minutes"},"schema":{"@context":"https:\/\/schema.org","@graph":[{"@type":"WebPage","@id":"https:\/\/expo-vr.fr\/ReyniesArtDeco\/narratif-8\/","url":"https:\/\/expo-vr.fr\/ReyniesArtDeco\/narratif-8\/","name":"8 - Reyni\u00e8s et les pionniers de l\u2019Aviation - Reynies Art D\u00e9co, un village du XXe si\u00e8cle","isPartOf":{"@id":"https:\/\/expo-vr.fr\/ReyniesArtDeco\/#website"},"primaryImageOfPage":{"@id":"https:\/\/expo-vr.fr\/ReyniesArtDeco\/narratif-8\/#primaryimage"},"image":{"@id":"https:\/\/expo-vr.fr\/ReyniesArtDeco\/narratif-8\/#primaryimage"},"thumbnailUrl":"https:\/\/expo-vr.fr\/ReyniesArtDeco\/wp-content\/uploads\/2022\/03\/radio.jpg","datePublished":"2021-04-14T08:16:22+00:00","dateModified":"2022-03-28T18:38:17+00:00","breadcrumb":{"@id":"https:\/\/expo-vr.fr\/ReyniesArtDeco\/narratif-8\/#breadcrumb"},"inLanguage":"fr-FR","potentialAction":[{"@type":"ReadAction","target":["https:\/\/expo-vr.fr\/ReyniesArtDeco\/narratif-8\/"]}]},{"@type":"ImageObject","inLanguage":"fr-FR","@id":"https:\/\/expo-vr.fr\/ReyniesArtDeco\/narratif-8\/#primaryimage","url":"https:\/\/expo-vr.fr\/ReyniesArtDeco\/wp-content\/uploads\/2022\/03\/radio.jpg","contentUrl":"https:\/\/expo-vr.fr\/ReyniesArtDeco\/wp-content\/uploads\/2022\/03\/radio.jpg","width":421,"height":280},{"@type":"BreadcrumbList","@id":"https:\/\/expo-vr.fr\/ReyniesArtDeco\/narratif-8\/#breadcrumb","itemListElement":[{"@type":"ListItem","position":1,"name":"Accueil","item":"https:\/\/expo-vr.fr\/ReyniesArtDeco\/"},{"@type":"ListItem","position":2,"name":"8 &#8211; Reyni\u00e8s et les pionniers de l\u2019Aviation"}]},{"@type":"WebSite","@id":"https:\/\/expo-vr.fr\/ReyniesArtDeco\/#website","url":"https:\/\/expo-vr.fr\/ReyniesArtDeco\/","name":"Reynies Art D\u00e9co, un village du XXe si\u00e8cle","description":"","publisher":{"@id":"https:\/\/expo-vr.fr\/ReyniesArtDeco\/#organization"},"potentialAction":[{"@type":"SearchAction","target":{"@type":"EntryPoint","urlTemplate":"https:\/\/expo-vr.fr\/ReyniesArtDeco\/?s={search_term_string}"},"query-input":{"@type":"PropertyValueSpecification","valueRequired":true,"valueName":"search_term_string"}}],"inLanguage":"fr-FR"},{"@type":"Organization","@id":"https:\/\/expo-vr.fr\/ReyniesArtDeco\/#organization","name":"Ville de Reyni\u00e8s","url":"https:\/\/expo-vr.fr\/ReyniesArtDeco\/","logo":{"@type":"ImageObject","inLanguage":"fr-FR","@id":"https:\/\/expo-vr.fr\/ReyniesArtDeco\/#\/schema\/logo\/image\/","url":"https:\/\/expo-vr.fr\/ReyniesArtDeco\/wp-content\/uploads\/2021\/11\/Logo-V2-copie.svg","contentUrl":"https:\/\/expo-vr.fr\/ReyniesArtDeco\/wp-content\/uploads\/2021\/11\/Logo-V2-copie.svg","width":127,"height":56,"caption":"Ville de Reyni\u00e8s"},"image":{"@id":"https:\/\/expo-vr.fr\/ReyniesArtDeco\/#\/schema\/logo\/image\/"}}]}},"_links":{"self":[{"href":"https:\/\/expo-vr.fr\/ReyniesArtDeco\/wp-json\/wp\/v2\/pages\/540","targetHints":{"allow":["GET"]}}],"collection":[{"href":"https:\/\/expo-vr.fr\/ReyniesArtDeco\/wp-json\/wp\/v2\/pages"}],"about":[{"href":"https:\/\/expo-vr.fr\/ReyniesArtDeco\/wp-json\/wp\/v2\/types\/page"}],"author":[{"embeddable":true,"href":"https:\/\/expo-vr.fr\/ReyniesArtDeco\/wp-json\/wp\/v2\/users\/6"}],"replies":[{"embeddable":true,"href":"https:\/\/expo-vr.fr\/ReyniesArtDeco\/wp-json\/wp\/v2\/comments?post=540"}],"version-history":[{"count":0,"href":"https:\/\/expo-vr.fr\/ReyniesArtDeco\/wp-json\/wp\/v2\/pages\/540\/revisions"}],"wp:attachment":[{"href":"https:\/\/expo-vr.fr\/ReyniesArtDeco\/wp-json\/wp\/v2\/media?parent=540"}],"curies":[{"name":"wp","href":"https:\/\/api.w.org\/{rel}","templated":true}]}}